*u + 5*u - 224 = 0. Suppose 3*y + 4*v - 2 = 5*y, 2*v + 11 = 5*y. Suppose -y*k + k = -u. What is the highest common factor of k and 14?
14
Suppose 0*a + 100 = 4*a. Suppose -4*z + a = z. What is the highest common factor of 5 and z?
5
Suppose -2*u - 2*j + 58 = 2*u, -u = -5*j + 2. Calculate the highest common divisor of u and 117.
13
Let a be ((-11)/(-2))/(4/72). Calculate the highest common divisor of 9 and a.
9
Let i = 26 + -11. Let v(p) = p**3 - p + 510. Let b be v(0). Suppose 4*w + 6 = 26, -5*y + 3*w = -b. Calculate the highest common factor of y and i.
15
Let j = -21 - -25. Calculate the greatest common factor of j and 12.
4
Let u(m) = 1 - 3 - 2*m - 3 + 3*m. Let g be u(4). Let w = g + 4. What is the greatest common factor of 27 and w?
3
Suppose -31 = -t + 97. Suppose -5*n = 4*m, 3 = -2*n - 5. Suppose -21 = -i - m. Calculate the greatest common divisor of t and i.
16
Let i = -15 + 24. Suppose 0 = 5*u - 4*u - i. Let w(r) = r**2 - 2*r + 3. Let m be w(5). What is the greatest common divisor of m and u?
9
Suppose -3*n - 1000 = -8*n. Suppose -3*r + 8*r = 2*i + 560, -4*i = 2*r - n. What is the greatest common factor of 10 and r?
10
Suppose c - 8 = -y - 0*c, -2*c - 11 = -y. Calculate the highest common divisor of 72 and y.
9
Suppose 277 = 5*v + 3*s - 389, -4*v = -4*s - 520. Calculate the highest common factor of 33 and v.
33
Let a(x) = -x**2 + 8*x + 4. Suppose -5*r + 16 = -r. Let v be a(r). Suppose -3*u = -5*u + 10. What is the highest common factor of u and v?
5
Suppose 4*s + 4*h - 16 = 20, 0 = -5*s + 3*h + 29. Calculate the highest common factor of s and 119.
7
Suppose -3*x + 4*p = -64, 3*p + 20 = 2*x + 6*p. Calculate the highest common divisor of x and 40.
8
Suppose 5*d = -3*y + 56, -3*d + 38 = -2*y + 4*y. What is the greatest common factor of y and 55?
11
Let y(m) = m**2 + 3*m - 1. Let f be y(-6). Suppose p + 105 = 2*d, 0 = 2*d + 5*p - 2*p - 93. What is the greatest common divisor of d and f?
17
Let c(f) = 73*f - 4. Let q be c(4). What is the highest common factor of 18 and q?
18
Suppose 214 = 2*y - 2*r - 94, 0 = 2*r + 2. What is the highest common factor of 102 and y?
51
Suppose -2*w + 0*w + 4*a - 2 = 0, 2*a - 4 = 0. Suppose o = w*o - 48. Calculate the highest common factor of o and 8.
8
Suppose 0 = 2*a - 7*a - 2*f + 140, -3*a = -3*f - 84. What is the highest common divisor of a and 224?
28
Let z = -7 + -5. Let g = z - -18. What is the greatest common factor of 6 and g?
6
Let i(z) = 3*z**2 + z - 1. Let o be i(1). Suppose -2*m + 19 = d, -o*d + 2 = -m - 41. What is the highest common divisor of 3 and d?
3
Let c(i) = i**3 - 5*i**2 - i + 7. Let o be c(5). Let x be (-10 - -8) + o*16. What is the greatest common divisor of x and 15?
15
Let d be 2/2 + 3*4. Suppose u = -4*c + d, 3*c + 5*u - 33 = -c. Suppose -5*s - c*k + 88 = 0, k = -3*s + 6*k + 59. What is the highest common factor of s and 126?
18
Let a = 5 + 0. Suppose -n + j = -15, a*j = -4*n + 49 - 16. Calculate the highest common factor of n and 12.
12
Suppose 0 = -5*o - 2*k + 18, 2*o - 20 = -2*o + 4*k. Let z be 1/2 - (-14)/o. What is the greatest common divisor of 16 and z?
4
Let o = -23 + 26. Let u be (-14)/(-2) - (o - 7). What is the greatest common factor of 44 and u?
11
Let x be 33/12 + -3 - 219/(-12). Calculate the greatest common divisor of x and 36.
18
Let j = 7 - 5. Let r be -2*1/j - -7. What is the highest common factor of 6 and r?
6
Let n = 100 + -67. Let h be (3/(-9))/((-1)/n). Calculate the highest common factor of 44 and h.
11
Let i = 4 - 2. Suppose -4*h = 5*k + 26, -3*k + 4 = i*h + 18. Let x be (16/3)/(k/(-3)). Calculate the highest common factor of 8 and x.
8
Suppose 3*z = s - 30, -16 = -0*s - 2*s - 5*z. Calculate the greatest common factor of 126 and s.
18
Let d(s) = -s**2 + 13*s - 4. Let p be d(8). What is the highest common factor of p and 54?
18
Suppose 5*m + 4*s - 17 = 0, 5*m + s + 4*s = 20. Let j = m + -2. Let v be (-3 + -3)/(0 + j). What is the greatest common divisor of v and 9?
3
Let z = -5 + 5. Suppose -l + 3 + 18 = z. Calculate the greatest common factor of l and 21.
21
Let z = -167 + 179. What is the highest common divisor of z and 6?
6
Let x be 928/16 + 10/2. Calculate the greatest common divisor of x and 21.
21
Let o = 7 - 1. What is the greatest common factor of o and 66?
6
Let q = 47 + -28. Calculate the highest common divisor of 152 and q.
19
Let a(p) = -p**3 + 3*p**2 + p - 2. Let c be a(3). Let b be -2*(-2 + 1)*c. Calculate the highest common factor of 22 and b.
2
Let p(b) = -b**2 + 8*b - 7. Let d be p(6). Suppose -3*k = -1 - d. Suppose -k*t = -5*t + 15. Calculate the greatest common factor of t and 35.
5
Let m be 0/(0 - 2 - 1). Suppose -2*l + 3*i + 11 = m, -32 = -5*l + 2*i + 1. Calculate the highest common divisor of l and 35.
7
Let v = -145 + 222. Suppose -s + o = -5, -5*o = -6 - 4. Calculate the greatest common factor of s and v.
7
Suppose -5*h + 4*x - 2*x - 1 = 0, 3*h + 4*x + 11 = 0. Let d be h*((-1 - 2) + 2). What is the highest common factor of d and 11?
1
Let j(l) = -l**2 - 7*l - 6. Let n be j(-5). Let y(h) = n*h + 30*h**2 - h - 3*h. Let k be y(1). What is the highest common divisor of 15 and k?
15
Suppose 4*a - 133 + 13 = 0. Let b be 192/a*5/2. Calculate the highest common divisor of 8 and b.
8
Suppose a = 2*x - 2*a - 21, 4*a + 36 = 4*x. Let i = 128 + -74. Let g = i - 30. Calculate the greatest common factor of x and g.
6
Let t = 60 - 54. What is the greatest common divisor of t and 4?
2
Let r be (-3)/9*1*-12. Suppose -i = p + i - 34, -r*p + 156 = 4*i. Let t = 5 - 1. What is the highest common divisor of p and t?
4
Let d(h) = -h + 12. Let j be d(7). Let v = 16 + j. What is the greatest common factor of v and 147?
21
Suppose -8*o + 4*o = -72. What is the greatest common divisor of 72 and o?
18
Let w be (-4)/3*18/(-12). Suppose 2*t = -w*t. Suppose t = 3*m + 2*r - 42 + 10, 2*m + r = 21. What is the greatest common factor of m and 30?
10
Let g be 1*9 + 1/(-1). Let p = 112 + -62. Suppose 5*j + 10 - p = 0. Calculate the highest common factor of g and j.
8
Let j = -35 - -71. Let w be (-80)/24*36/(-5). Calculate the highest common divisor of w and j.
12
Let w(f) = -65*f**3 + 2*f + 1. Let x = 0 + -1. Let m be w(x). Suppose 4*r - m = -0*r. What is the greatest common divisor of r and 2?
2
Suppose 5*j = -6 + 16. What is the greatest common factor of 8 and j?
2
Suppose k + 0 = 4. Suppose 6*t = -y + k*t - 6, -24 = -y + 4*t. What is the highest common divisor of y and 8?
4
Suppose 5*m = 4*r + 11 - 2, -4*r = -3*m - 1. Let h be (-654)/(-15) + 4/10*1. Calculate the greatest common factor of r and h.
4
Let k be (2/3)/((-4)/(-90)). What is the greatest common factor of k and 10?
5
Suppose 3*w + 72 = -3*d - 0*w, 0 = -d + 3*w - 8. Let s = -14 - d. Let o = -44 - -74. What is the highest common divisor of o and s?
6
Let r be (0 - (-6)/4)*48. Let t(l) = 2*l**2 - l - 3. Let j be t(-3). Calculate the greatest common factor of j and r.
18
Suppose 10 = -5*l - 5. Let b = l + 1. Let n(g) = -5*g + 2. Let m be n(b). What is the highest common divisor of 108 and m?
12
Suppose 0*f = 2*f + 28. Let w be 6/f - (-1835)/35. Calculate the greatest common divisor of 78 and w.
26
Suppose -143 = -2*b + b. Calculate the highest common factor of 13 and b.
13
Suppose -4 = -g - 1. Let i be ((-27)/15)/(4/(-60)). Calculate the greatest common divisor of i and g.
3
Let t be 108/5 - 8/(-20). What is the highest common divisor of t and 176?
22
Let y = 4 - 4. Let b(k) = 7 + y*k**2 - 2*k**2 + k**2 + 5*k. Let r be b(6). What is the greatest common factor of 2 and r?
1
Suppose u + 30 = 3*u. Calculate the greatest common factor of 25 and u.
5
Let y = -6 - -8. Suppose l + 3*r - 18 = -y*l, 4*l - r = 34. Calculate the greatest common factor of 40 and l.
8
Suppose -14 = -3*q + q. Suppose -29 - q = -4*p. Calculate the highest common divisor of p and 27.
9
Let p be (-3)/12 + 381/4. Suppose -5*d - 13 = -2*l - p, -2*d + 2*l = -34. What is the highest common factor of d and 2?
2
Let k be ((-8)/(-6))/((-7)/(-42)). Suppose -k - 1 = -u. Calculate the greatest common divisor of u and 1.
1
Suppose -40 = -s - 39. Calculate the highest common divisor of s and 9.
1
Let m(i) = -i**3 + 10*i**2 + 2*i. Let d be m(10). What is the greatest common divisor of d and 5?
5
Let x(m) = m**3 - 7*m**2 + 8*m - 7. Suppose -17 = 2*r - 29. L